433
List the prime factors of 2653.
7, 379
What are the prime factors of 227775?
3, 5, 3037
List the prime factors of 744194.
2, 11, 33827
What are the prime factors of 9569511?
3, 7, 151897
List the prime factors of 699431.
17, 41143
List the prime factors of 706584.
2, 3, 59, 499
List the prime factors of 3173828.
2, 7, 16193
List the prime factors of 951557.
951557
List the prime factors of 239053.
239053
List the prime factors of 3092302.
2, 41, 43, 877
What are the prime factors of 1806266?
2, 7, 11, 37, 317
List the prime factors of 5955454.
2, 2977727
List the prime factors of 744303.
3, 7, 23, 67
List the prime factors of 52411.
17, 3083
What are the prime factors of 174618?
2, 3, 89, 109
What are the prime factors of 144605?
5, 28921
List the prime factors of 10608766.
2, 7, 251, 3019
What are the prime factors of 25028377?
11, 19, 31, 3863
What are the prime factors of 161224?
2, 7, 2879
What are the prime factors of 166588?
2, 41647
List the prime factors of 323488.
2, 11, 919
List the prime factors of 2558532.
2, 3, 101, 2111
List the prime factors of 3321245.
5, 53, 83, 151
What are the prime factors of 3012955?
5, 11, 29, 1889
What are the prime factors of 265686?
2, 3, 44281
List the prime factors of 672067.
11, 107, 571
List the prime factors of 312560.
2, 5, 3907
List the prime factors of 2446850.
2, 5, 7, 6991
List the prime factors of 49378.
2, 7, 3527
What are the prime factors of 396315?
3, 5, 8807
What are the prime factors of 1429679?
691, 2069
List the prime factors of 9256598.
2, 13, 356023
What are the prime factors of 2466928?
2, 154183
What are the prime factors of 8428062?
2, 3, 223, 6299
What are the prime factors of 186291?
3, 7, 2957
What are the prime factors of 2328654?
2, 3, 388109
What are the prime factors of 255258?
2, 3, 29, 163
What are the prime factors of 1142543?
113, 10111
List the prime factors of 308712.
2, 3, 19, 677
List the prime factors of 399400.
2, 5, 1997
What are the prime factors of 1291972?
2, 11, 29363
List the prime factors of 464089.
464089
What are the prime factors of 29605?
5, 31, 191
List the prime factors of 100518.
2, 3, 11, 1523
What are the prime factors of 7324248?
2, 3, 79, 3863
What are the prime factors of 2752743?
3, 7, 47, 2789
What are the prime factors of 27647537?
27647537
List the prime factors of 2042987.
109, 18743
What are the prime factors of 1054581?
3, 11, 31957
List the prime factors of 461627.
461627
What are the prime factors of 182410?
2, 5, 17, 29, 37
List the prime factors of 2155582.
2, 11, 13, 7537
List the prime factors of 7881638.
2, 97, 40627
What are the prime factors of 473981?
473981
What are the prime factors of 1366035?
3, 5, 11, 17, 487
What are the prime factors of 211394?
2, 19, 5563
List the prime factors of 7444846.
2, 19, 107, 1831
List the prime factors of 224592.
2, 3, 4679
List the prime factors of 1758542.
2, 879271
What are the prime factors of 70388?
2, 17597
List the prime factors of 220943.
109, 2027
What are the prime factors of 17494215?
3, 5, 137, 8513
List the prime factors of 468693.
3, 17359
What are the prime factors of 734368?
2, 53, 433
List the prime factors of 25322677.
2897, 8741
What are the prime factors of 4667552?
2, 145861
List the prime factors of 59852.
2, 13, 1151
List the prime factors of 338661.
3, 37, 113
What are the prime factors of 703437?
3, 7, 19, 41, 43
List the prime factors of 5321604.
2, 3, 443467
List the prime factors of 288565.
5, 57713
List the prime factors of 230234.
2, 115117
What are the prime factors of 4486234?
2, 743, 3019
What are the prime factors of 4602777?
3, 79, 19421
What are the prime factors of 165735?
3, 5, 29, 127
List the prime factors of 9062788.
2, 7, 31, 53, 197
List the prime factors of 643551.
3, 214517
List the prime factors of 5615540.
2, 5, 7, 40111
What are the prime factors of 1593520?
2, 5, 19919
What are the prime factors of 1185028?
2, 13, 1753
What are the prime factors of 3380998?
2, 569, 2971
List the prime factors of 120926.
2, 13, 4651
What are the prime factors of 382549?
382549
List the prime factors of 686380.
2, 5, 34319
List the prime factors of 16933095.
3, 5, 376291
What are the prime factors of 1112768?
2, 17387
What are the prime factors of 110824?
2, 7, 1979
What are the prime factors of 602128?
2, 37633
What are the prime factors of 6897?
3, 11, 19
What are the prime factors of 669357?
3, 13, 1907
List the prime factors of 155325.
3, 5, 19, 109
What are the prime factors of 751152?
2, 3, 15649
List the prime factors of 723764.
2, 23, 7867
What are the prime factors of 118211?
118211
What are the prime factors of 2832939?
3, 314771
List the prime factors of 36780.
2, 3, 5, 613
List the prime factors of 4476023.
4476023
What are the prime factors of 1020269?
1020269
What are the prime factors of 197659?
7, 11, 17, 151
What are the prime factors of 1165030?
2, 5, 113, 1031
What are the prime factors of 1721159?
11, 23, 6803
What are the prime factors of 248358?
2, 3, 11, 53, 71
What are the prime factors of 344695?
5, 13, 5303
List the prime factors of 1773546.
2, 3, 295591
List the prime factors of 15625397.
17, 293, 3137
What are the prime factors of 1885524?
2, 3, 157127
List the prime factors of 21249033.
3, 13, 23, 23689
What are the prime factors of 18419?
113, 163
What are the prime factors of 823630?
2, 5, 23, 3581
List the prime factors of 281939.
7, 40277
What are the prime factors of 93020?
2, 5, 4651
What are the prime factors of 3381285?
3, 5, 173, 1303
List the prime factors of 1636572.
2, 3, 7, 19483
What are the prime factors of 59843?
7, 83, 103
List the prime factors of 5922637.
7, 281, 3011
List the prime factors of 433034.
2, 7, 30931
List the prime factors of 9030882.
2, 3, 7, 53, 4057
List the prime factors of 3923751.
3, 13, 100609
List the prime factors of 1784608.
2, 7, 31, 257
List the prime factors of 14813738.
2, 263, 28163
What are the prime factors of 1876729?
541, 3469
What are the prime factors of 2391664?
2, 11, 107, 127
List the prime factors of 10939963.
10939963
What are the prime factors of 5416914?
2, 3, 17, 23, 2309
What are the prime factors of 2690596?
2, 43, 15643
What are the prime factors of 599364?
2, 3, 16649
List the prime factors of 1662281.
1662281
List the prime factors of 17849251.
7, 2549893
List the prime factors of 669679.
669679
What are the prime factors of 722987?
263, 2749
List the prime factors of 1463178.
2, 3, 243863
What are the prime factors of 236942?
2, 118471
What are the prime factors of 2504391?
3, 834797
List the prime factors of 102730.
2, 5, 10273
List the prime factors of 1054071.
3, 117119
What are the prime factors of 27706554?
2, 3, 1539253
What are the prime factors of 19188551?
211, 431
List the prime factors of 106437.
3, 17, 2087
What are the prime factors of 81736?
2, 17, 601
List the prime factors of 13659516.
2, 3, 13, 23, 47
List the prime factors of 389473.
7, 55639
List the prime factors of 1366680.
2, 3, 5, 7, 1627
What are the prime factors of 113544?
2, 3, 19, 83
List the prime factors of 479997.
3, 7, 19, 401
What are the prime factors of 3027760?
2, 5, 37847
List the prime factors of 417430.
2, 5, 13, 19
List the prime factors of 495574.
2, 149, 1663
What are the prime factors of 4257724?
2, 1064431
What are the prime factors of 404630?
2, 5, 43, 941
List the prime factors of 6037151.
577, 10463
List the prime factors of 23677427.
29, 167, 4889
What are the prime factors of 1122336?
2, 3, 433
What are the prime factors of 1105347?
3, 607
List the prime factors of 16482.
2, 3, 41, 67
What are the prime factors of 21032102?
2, 7, 13, 115561
What are the prime factors of 6812431?
19, 113, 167
What are the prime factors of 1403814?
2, 3, 233969
List the prime factors of 265280.
2, 5, 829
What are the prime factors of 1271884?
2, 317971
What are the prime factors of 9496169?
53, 179173
List the prime factors of 1478878.
2, 739439
List the prime factors of 1731322.
2, 865661
List the prime factors of 619882.
2, 61, 5081
What are the prime factors of 1773637?
1773637
What are the prime factors of 4924652?
2, 61, 20183
List the prime factors of 3791565.
3, 5, 109, 773
List the prime factors of 17163422.
2, 19, 451669
What are the prime factors of 23210120?
2, 5, 83, 6